8449.
261
Calculate the highest common factor of 272 and 5426400.
272
Calculate the highest common divisor of 168 and 114618.
42
Calculate the greatest common factor of 746578 and 322.
14
What is the greatest common divisor of 38 and 288458?
38
What is the highest common factor of 7485 and 105?
15
Calculate the greatest common divisor of 80 and 849760.
80
What is the highest common factor of 620 and 2080?
20
Calculate the highest common divisor of 216645 and 15405.
195
What is the highest common factor of 2356 and 37924?
76
What is the highest common factor of 3109416 and 46?
46
What is the highest common factor of 81836 and 328?
164
What is the greatest common divisor of 22740 and 3645?
15
Calculate the greatest common factor of 450 and 550.
50
What is the highest common divisor of 7484 and 64?
4
Calculate the highest common divisor of 19584 and 2907.
153
Calculate the highest common divisor of 275 and 99700.
25
Calculate the highest common divisor of 24 and 10197204.
12
Calculate the highest common factor of 20058 and 138.
6
What is the greatest common divisor of 2542 and 1681?
41
What is the highest common factor of 45386 and 154?
22
Calculate the highest common divisor of 2847 and 455.
13
Calculate the greatest common divisor of 200883 and 87.
87
What is the highest common factor of 426510 and 36?
18
What is the highest common factor of 9454 and 50856?
326
What is the highest common factor of 123896 and 4114?
34
What is the highest common factor of 1851 and 927968?
617
Calculate the highest common divisor of 14193320 and 40.
40
Calculate the greatest common divisor of 42 and 181814.
2
Calculate the greatest common factor of 68 and 8143.
17
Calculate the greatest common divisor of 283936 and 2432.
608
Calculate the highest common factor of 40491 and 99.
99
What is the greatest common divisor of 47996 and 284?
284
Calculate the highest common divisor of 11 and 19580.
11
What is the highest common divisor of 8608 and 128?
32
What is the highest common divisor of 299 and 832?
13
Calculate the highest common divisor of 244960 and 160.
160
What is the greatest common factor of 204 and 20859?
51
Calculate the greatest common factor of 670524 and 71.
71
What is the highest common factor of 73382 and 4?
2
Calculate the highest common factor of 63 and 7710381.
63
Calculate the highest common divisor of 7215 and 127095.
555
Calculate the greatest common factor of 4048 and 1309.
11
What is the greatest common divisor of 39 and 2909205?
39
What is the greatest common factor of 14278 and 708?
118
Calculate the highest common divisor of 19 and 218443.
19
What is the greatest common divisor of 141 and 725727?
141
Calculate the highest common divisor of 928 and 2923432.
232
Calculate the greatest common factor of 49929 and 2244.
561
Calculate the highest common factor of 27889 and 5845.
167
What is the greatest common divisor of 88 and 27665?
11
Calculate the highest common factor of 1 and 827.
1
Calculate the highest common divisor of 210 and 742.
14
What is the greatest common divisor of 93626 and 9464?
338
What is the greatest common divisor of 12581 and 69?
23
What is the highest common divisor of 17382 and 786?
6
Calculate the greatest common divisor of 14 and 2010064.
14
What is the highest common factor of 15352 and 10908?
404
What is the greatest common factor of 292809 and 7005?
1401
What is the greatest common factor of 10737 and 2367?
9
What is the highest common factor of 222 and 14356?
74
Calculate the highest common factor of 670492 and 8.
4
What is the highest common divisor of 2256 and 2496?
48
What is the greatest common divisor of 6101670 and 30?
30
What is the greatest common factor of 12208 and 327?
109
What is the greatest common divisor of 562 and 86829?
281
What is the greatest common divisor of 69 and 6247237?
23
What is the highest common factor of 32624 and 1088?
16
What is the greatest common factor of 126497 and 93544?
1063
Calculate the highest common factor of 86 and 446.
2
Calculate the greatest common factor of 328278 and 6.
6
What is the highest common divisor of 6432 and 382034?
134
What is the greatest common factor of 2404152 and 8?
8
Calculate the greatest common factor of 204 and 12937.
17
What is the greatest common factor of 3303 and 261?
9
What is the greatest common divisor of 5085 and 5537?
113
Calculate the highest common divisor of 61397 and 50421.
343
Calculate the highest common divisor of 2704275 and 175.
175
What is the greatest common factor of 1729 and 25669?
133
What is the greatest common divisor of 24 and 299994?
6
What is the highest common factor of 812 and 59276?
812
Calculate the highest common divisor of 28 and 23492.
28
Calculate the highest common divisor of 2500 and 4205625.
625
Calculate the greatest common factor of 4452 and 154707.
1113
Calculate the highest common divisor of 216572 and 464.
116
What is the highest common divisor of 4284 and 43722?
126
What is the highest common divisor of 21115 and 615?
205
Calculate the greatest common factor of 127477 and 7.
7
What is the greatest common factor of 42 and 201159?
21
Calculate the greatest common factor of 2110 and 271346.
422
Calculate the greatest common factor of 32 and 63248.
16
What is the greatest common factor of 248 and 544856?
248
What is the greatest common divisor of 7 and 1547707?
7
What is the greatest common factor of 50 and 7114?
2
What is the highest common factor of 2706 and 16974?
246
What is the greatest common factor of 440405 and 35?
35
What is the greatest common divisor of 100572 and 435?
87
Calculate the greatest common divisor of 12273 and 519.
3
What is the greatest common factor of 19 and 68362?
19
What is the greatest common divisor of 109601 and 2413?
127
What is the greatest common factor of 19776 and 10712?
824
Calculate the greatest common divisor of 295938 and 451.
41
What is the greatest common factor of 2208 and 4968?
552
What is the highest common divisor of 46572 and 12?
12
Calculate the highest common divisor of 77 and 1839299.
77
Calculate the greatest common divisor of 16469 and 4213.
383
What is the greatest common factor of 470459 and 55?
11
Calculate the greatest common divisor of 83923 and 1596.
133
What is the greatest common factor of 73 and 5621219?
73
What is the highest common divisor of 32938 and 6364?
86
What is the highest common divisor of 458415 and 10431?
549
What is the greatest common factor of 3532716 and 36?
36
Calculate the greatest common divisor of 72752 and 56.
8
What is the highest common divisor of 16 and 40088?
8
What is the greatest common factor of 58206 and 14952?
534
Calculate the greatest common factor of 182 and 193739.
91
What is the highest common divisor of 19668 and 198?
66
What is the highest common factor of 2353 and 543?
181
Calculate the greatest common factor of 128 and 2098.
2
What is the highest common divisor of 512 and 647008?
32
What is the greatest common divisor of 45 and 150890?
5
Calculate the greatest common divisor of 1026 and 1848624.
114
What is the highest common factor of 4181688 and 504?
504
What is the highest common factor of 88 and 134?
2
Calculate the highest common divisor of 360 and 9664.
8
What is the highest common divisor of 184092 and 1748?
92
What is the highest common divisor of 15408 and 13054?
214
Calculate the highest common divisor of 529 and 27393.
23
What is the greatest common factor of 86 and 150844?
86
Calculate the greatest common factor of 405692 and 112.
28
Calculate the highest common factor of 9009 and 1056.
33
What is the highest common factor of 90 and 3546?
18
What is the highest common factor of 2850 and 810350?
950
Calculate the highest common divisor of 480 and 491680.
160
Calculate the greatest common divisor of 3944 and 7650.
34
Calculate the greatest common factor of 136681 and 103.
103
What is the greatest common factor of 8477 and 245?
49
What is the highest common factor of 100 and 2872775?
25
What is the highest common factor of 8 and 4107?
1
Calculate the highest common divisor of 1524 and 407162.
254
Calculate the highest common factor of 10 and 17942.
2
What is the highest common factor of 61 and 150304?
61
Calculate the greatest common factor of 3597 and 13407.
327
What is the highest common factor 